me factors of c.
2, 43, 131
Let t(a) = a**2 + 49486. List the prime factors of t(0).
2, 109, 227
Let j(y) = y**3 + 54*y**2 + 49*y + 452. What are the prime factors of j(-43)?
2, 3, 173
Let l be (-40)/(-200) - 34/(-5). Suppose 0 = 5*h - 5, 5*h = -l*j + 9*j - 2803. What are the prime factors of j?
2, 3, 13
List the prime factors of (1624/2156 - (-2)/(-11)) + 1050237/63.
3, 5557
Suppose 36 = 38*i - 44*i. What are the prime factors of (-6262)/(-8) - i/24?
3, 29
Let u = -9815 - -17232. What are the prime factors of u?
7417
Let y be (-2)/2 + -10 + -2 + 3293. Suppose 9*i - y = i. List the prime factors of i.
2, 5, 41
List the prime factors of (1/(-2))/((-55 - -48) + (-344090)/(-49156)).
12289
Let f = 1 + -3. Let h = -49 + 70. List the prime factors of f/(1 + h/(-19)).
19
Let c be 4*(-8 - 7596/(-16)). Let b = -1210 + c. What are the prime factors of b?
3, 73
Let z(s) be the second derivative of -s**5/5 + 7*s**4/12 + 2*s**3 + 13*s**2 - 84*s. What are the prime factors of z(-5)?
641
Let a = 11915 - -1333. What are the prime factors of a?
2, 3, 23
Suppose -5*d = -123 - 42. Suppose -723 = -6*z - d. Suppose -2*x - z = -7*x. List the prime factors of x.
23
Suppose -3 = -4*c - 11, a = 3*c + 77. Let g = 74 - a. Suppose 219 = g*b - 252. What are the prime factors of b?
157
Let a = -1605 - -2513. List the prime factors of a.
2, 227
Let r(i) = i**3 - 5*i**2 - i + 5. Let l be r(5). Suppose l = -u + 3*m + 273, -u - m - m + 293 = 0. What are the prime factors of u?
3, 5, 19
Let q be (0 - 4) + (11 - 5 - -260). Suppose -l + q = 2*i, 4*i = 3*l + 2*l - 1240. Suppose -3*r + 150 = 3*z, -4*r = r + 3*z - l. What are the prime factors of r?
3, 17
Let q(m) = -m**2 - 8*m - 25. Let r be q(-5). What are the prime factors of (-5968)/(-20) + -5 - (-4)/r?
293
Let f(z) be the third derivative of z**4/24 + 5*z**3/3 - 38*z**2. Let g be f(0). Suppose g*v = 3*v + 161. What are the prime factors of v?
23
Suppose 0 = 3*p + 59 - 2. Let r = p + 22. Suppose r*i - f - 403 = -i, 4*i + f - 405 = 0. List the prime factors of i.
101
Let a be 15/5 + 666/(-3). Let b = -223 - -100. Let u = b - a. List the prime factors of u.
2, 3
Suppose -146 = -277*d + 275*d. Suppose d*t - 4520 = 65*t. What are the prime factors of t?
5, 113
Let d be ((-62280)/68 - 20/170)/(-2). Suppose 5*i - 2*g - 398 = 761, -2*i - 2*g = -d. What are the prime factors of i?
3, 7, 11
Let j(k) = -k**3 - 18*k**2 - 34*k - 17. Let d be j(-16). Let t(c) = c**3 - 11*c**2 - 23*c + 15. What are the prime factors of t(d)?
2, 3, 5, 19
Suppose -2*k + 2 = 0, -20 = r + k - 3*k. Let y be 2/(-6)*r/12*-6. Let x(t) = -56*t - 6. List the prime factors of x(y).
2, 3
Suppose -17*n + 5516 = -18981. What are the prime factors of n?
11, 131
Let x(l) = -129*l + 46. Suppose 4*q - 317 + 329 = 0. What are the prime factors of x(q)?
433
Let l(x) = -2336*x - 3088. What are the prime factors of l(-8)?
2, 3, 5, 13
Suppose -247*a + 261*a = 32606. List the prime factors of a.
17, 137
Suppose 3*x = 4*p - 922, p - 16 = 3*x + 210. What are the prime factors of p?
2, 29
Let s(l) = l**3 + 22*l**2 - 18*l - 5. Let j be s(-13). Let b = -1152 + j. List the prime factors of b.
2, 13, 23
Suppose 2*y + i = -524 + 5799, 5*y + i = 13198. List the prime factors of y.
19, 139
Let t be (128 + -2)*2/3. Suppose 304 = m + t. What are the prime factors of m?
2, 5, 11
Suppose -53*r - 631159 = -137*r + 844973. What are the prime factors of r?
17573
Let p = 47016 - 28314. What are the prime factors of p?
2, 3, 1039
Let j(s) = s**3 + 27*s**2 - 60*s + 31. Suppose 4*r + 104 = 4*a, 2*a = -2*a - 12. List the prime factors of j(r).
89
Let i(v) = 211*v**2 - 4*v + 9. Let x be i(3). Let m be x/(-10) + (-1)/(5/2). Let a = m - -314. List the prime factors of a.
2, 31
Suppose -22894 = -4*l + 3*n, 0 = -4*l - 123*n + 122*n + 22918. What are the prime factors of l?
2, 179
Let r be (-16)/32*(-6 + 0). Suppose -1019 + 110 = -r*g. What are the prime factors of g?
3, 101
Let j(t) = -t**2 - 11*t - 5. Let m be j(-6). Suppose -2*b = -7*b + m. Suppose 17 + 9 = i + b*x, -2*i + 2*x + 76 = 0. List the prime factors of i.
2, 3
Let z(t) = -3*t**3 + 19*t**2 - 3*t - 7. Let j(i) = 3*i**2 + i. Let v(u) = 4*j(u) - z(u). Let p(l) = -l - 1. Let d be p(-5). What are the prime factors of v(d)?
5, 23
Let t(g) be the third derivative of -g**4/6 + 4*g**3 + 29*g**2. Let j be t(5). Suppose -4*i = 4*q + q - 589, -j*q + 488 = -i. List the prime factors of q.
11
Let b(l) = 18*l - 15. Let t be b(-5). Let v be 2/(-15) + 616/t. List the prime factors of 3 + ((-9)/v)/(2/108).
2, 3, 7
Suppose -5*d = s - 14, -s + 5*d = 3*s - 6. Suppose 0 = 6*c - s*c - 570. Suppose 21*i = 24*i - c. List the prime factors of i.
5, 19
Suppose 0 = -50*f + 255106 + 31394. List the prime factors of f.
2, 3, 5, 191
Let u(p) = 28092*p**3 - 3*p**2 + 6*p - 3. Let i be u(1). Suppose -54*g = -i - 26880. What are the prime factors of g?
2, 509
List the prime factors of (-977400)/(-480) + (-5)/4.
5, 11, 37
Suppose -36 = -2*r - 6*g + 2*g, 4*r - 5*g = 98. Let s(f) = f**2 + f + 204. List the prime factors of s(r).
2, 5, 71
Let v = -73548 - -105938. List the prime factors of v.
2, 5, 41, 79
Suppose 3*c - 508 - 1185 = 5*h, 0 = c + 2*h - 546. Let l = 928 - c. List the prime factors of l.
2, 3, 31
Let u be (-1629 + -2)/(10/(-10)). Suppose -17*n = -10*n - u. What are the prime factors of n?
233
Let g(v) = 0*v**3 - 6 - 2*v**2 + 0*v**3 - v**3. Let z(p) = p**3 - p**2 - 13*p - 3. Let i be z(0). List the prime factors of g(i).
3
Suppose 10*k = 6*k - 4*g + 564, g - 5 = 0. Let n(l) = -10*l**3 + l**2 + l + 1. Let y be n(-1). Suppose -x + k = y. List the prime factors of x.
5
Let c(f) = 23*f + 171. Let j be c(-7). Suppose 2*l - j = 7*l, z = -l + 1170. What are the prime factors of z?
2, 293
Let f = -13 - -12. Let i(y) = y**3 + y. Let q be i(f). What are the prime factors of 2/7 + ((-7224)/49)/q?
2, 37
Let o = 97 - 76. List the prime factors of (18 - o) + 7*43.
2, 149
Let x(y) = -2521*y + 806. List the prime factors of x(-3).
8369
Suppose -6 = -12*k + 30. Suppose 0 = y - k*w - 1047, 2*y - 5199 = -3*y - 3*w. What are the prime factors of y?
3, 347
Let b be ((-2)/(-6))/((-5)/(-1050)). Suppose 0 = -b*k + 29*k + 37228. What are the prime factors of k?
2, 227
Let c = -1894 - -10663. What are the prime factors of c?
3, 37, 79
Let r = 69 - 69. Suppose -3*f - 6 = r, 6*f - 644 = -p + 3*f. Suppose 0 = n - 5*n - 3*j + p, -477 = -3*n + 3*j. What are the prime factors of n?
7, 23
Suppose 4 - 28 = -4*b + 4*f, -b + 18 = 5*f. Suppose -3*d = -3*k + b*k - 2217, 4*d = 4*k - 1748. List the prime factors of k.
3, 7
Let o(y) be the third derivative of 31*y**5/10 + y**4/12 + y**3/3 - 6*y**2. Let z be o(-1). Suppose z = s + 2*s. What are the prime factors of s?
2, 31
Suppose 2*t + 2*u - 464 = 54, 0 = -4*t - 5*u + 1039. Suppose -4*v = -y + 1608, t + 950 = -3*v - 4*y. Let q = -281 - v. List the prime factors of q.
11
Suppose 38*y - 20844 = 11*y. What are the prime factors of y?
2, 193
Let d(f) be the first derivative of -1/4*f**4 + 13/3*f**3 + 17*f**2 - 3*f + 8. List the prime factors of d(15).
3, 19
Suppose 4*w - 8*w = -16. Let l(t) = -10*t + 42. List the prime factors of l(w).
2
Let d = -4064 + 7592. List the prime factors of d.
2, 3, 7
Let f = -29841 - -42173. What are the prime factors of f?
2, 3083
Let r be 5/(-35) + 37100/49. Suppose -8*s + r + 1675 = 0. List the prime factors of s.
2, 19
Suppose 0 = 5*p - 5*v - 3560, -4*p + 757 = v - 2096. Let s = p + -386. What are the prime factors of s?
3, 109
Let z(f) = -388*f**3 - 2*f**2 - 17*f - 11. What are the prime factors of z(-3)?
2, 29, 181
Suppose -4*n + 1448 = 152. What are the prime factors of (-1 - -8)*7/(98/n)?
2, 3
Suppose -3*o + 25193 = 4*j, j = -3*j - 2*o + 25198. List the prime factors of j.
2, 23, 137
Let r(z) = -396*z + 2259. What are the prime factors of r(-10)?
3, 691
Suppose 5*u - 2*v = -13 - 7, -5*u - v = 35. Let g(h) be the first derivative of -h**4/2 - 8*h**3/3 - 3*h**2/2 - 17*h + 1. What are the prime factors of g(u)?
5, 29
Suppose 2 = s, -2*a + 3 = -3*s - 3823. What are the prime factors of 1/(((-3)/a)/((-75)/50))?
2, 479
Suppose b - 2 = -4*u, -4*u - 38 = -2*b - b. Suppose -b*n + 936 = -n. Suppose f = -6 + n. List the prime factors of f.
2, 7
Suppose 8*v = 91876 - 33716. List the prime factors of -8 - v/(-40)*4.
719
Let y(m) = m**3 + 4